03?
0
What is the hundred thousands digit of 2642333994?
3
What is the millions digit of 76665284?
6
What is the thousands digit of 700366218?
6
What is the ten thousands digit of 349867956?
6
What is the tens digit of 232942576?
7
What is the hundred thousands digit of 109809172?
8
What is the hundreds digit of 1191802179?
1
What is the millions digit of 193105352?
3
What is the hundred thousands digit of 72483364?
4
What is the units digit of 789779826?
6
What is the ten thousands digit of 327008513?
0
What is the thousands digit of 168013597?
3
What is the units digit of 2430440498?
8
What is the hundred millions digit of 129390152?
1
What is the units digit of 1539895609?
9
What is the units digit of 72629046?
6
What is the ten millions digit of 241581725?
4
What is the tens digit of 53736278?
7
What is the hundred millions digit of 450895835?
4
What is the millions digit of 84276575?
4
What is the ten thousands digit of 483534493?
3
What is the ten thousands digit of 1370893687?
9
What is the hundreds digit of 48574250?
2
What is the thousands digit of 122614070?
4
What is the units digit of 7028395618?
8
What is the hundred millions digit of 2996726189?
9
What is the hundred thousands digit of 114495139?
4
What is the ten millions digit of 85747044?
8
What is the hundred millions digit of 171538110?
1
What is the ten millions digit of 237514165?
3
What is the ten thousands digit of 904186516?
8
What is the ten thousands digit of 22730331?
3
What is the hundreds digit of 3227143962?
9
What is the hundreds digit of 2378080131?
1
What is the ten thousands digit of 604325380?
2
What is the units digit of 858034328?
8
What is the hundred millions digit of 1149794518?
1
What is the hundred thousands digit of 557261682?
2
What is the millions digit of 461291849?
1
What is the ten millions digit of 426765796?
2
What is the hundred thousands digit of 262544982?
5
What is the thousands digit of 432055199?
5
What is the units digit of 80536193?
3
What is the hundreds digit of 1605998310?
3
What is the thousands digit of 130666325?
6
What is the millions digit of 79568113?
9
What is the ten thousands digit of 27647217?
4
What is the hundreds digit of 899587115?
1
What is the ten millions digit of 854552788?
5
What is the hundred millions digit of 3623163130?
6
What is the hundreds digit of 137604947?
9
What is the hundred millions digit of 6022674014?
0
What is the hundred thousands digit of 3619558776?
5
What is the hundred millions digit of 670454822?
6
What is the hundred millions digit of 611354155?
6
What is the tens digit of 100695569?
6
What is the ten millions digit of 1194634706?
9
What is the ten thousands digit of 66241900?
4
What is the hundreds digit of 5699591954?
9
What is the hundreds digit of 1846527849?
8
What is the ten thousands digit of 98301618?
0
What is the tens digit of 17608930?
3
What is the thousands digit of 227915870?
5
What is the hundred millions digit of 101582984?
1
What is the hundreds digit of 1577135986?
9
What is the hundred thousands digit of 3689611838?
6
What is the thousands digit of 462564759?
4
What is the tens digit of 25303126?
2
What is the units digit of 134935442?
2
What is the hundred thousands digit of 337523791?
5
What is the ten thousands digit of 1760272740?
7
What is the units digit of 312627145?
5
What is the ten thousands digit of 1304531043?
3
What is the millions digit of 361778099?
1
What is the tens digit of 364780258?
5
What is the hundred thousands digit of 98927181?
9
What is the ten millions digit of 121820341?
2
What is the ten millions digit of 29036762?
2
What is the hundred thousands digit of 733699191?
6
What is the thousands digit of 336029364?
9
What is the hundreds digit of 98977821?
8
What is the hundred millions digit of 257709722?
2
What is the ten millions digit of 100343431?
0
What is the ten thousands digit of 641396228?
9
What is the ten millions digit of 279895546?
7
What is the units digit of 1987352274?
4
What is the millions digit of 2123248325?
3
What is the units digit of 1268892405?
5
What is the hundreds digit of 68663174?
1
What is the thousands digit of 2699509769?
9
What is the hundred thousands digit of 167798488?
7
What is the tens digit of 277657995?
9
What is the thousands digit of 186407258?
7
What is the thousands digit of 3872428112?
8
What is the millions digit of 16439425?
6
What is the hundred millions digit of 3141282888?
1
What is the ten millions digit of 936059902?
3
What is the hundreds digit of 6874671?
6
What is the thousands digit of 41143985?
3
What is the hundred millions digit of 176773674?
1
What is the hundred millions digit of 1017671696?
0
What is the hundred thousands digit of 108349490?
3
What is the millions digit of 257714000?
7
What is the hundred thousands digit of 2123233665?
2
What is the millions digit of 57168836?
7
What is the thousands digit of 1384354282?
4
What is the hundreds digit of 125005230?
2
What is the millions digit of 14538179?
4
What is the units digit of 25749609?
9
What is the thousands digit of 6204167387?
7
What is the millions digit of 474230081?
4
What is the tens digit of 1631628316?
1
What is the ten millions digit of 85364484?
8
What is the hundred millions digit of 1621102042?
6
What is the thousands digit of 3527870622?
0
What is the ten millions digit of 766879484?
6
What is the ten millions digit of 301405689?
0
What is the hundreds digit of 74886084?
0
What is the hundreds digit of 18712586?
5
What is the units digit of 364417465?
5
What is the thousands digit of 2319659245?
9
What is the thousands digit of 2837519963?
9
What is the hundred thousands digit of 162246884?
2
What is the tens digit of 2109530060?
6
What is the millions digit of 3770635?
3
What is the units digit of 129881246?
6
What is the millions digit of 9851481?
9
What is the ten millions digit of 2337525494?
3
What is the hundred thousands digit of 450705245?
7
What is the thousands digit of 30277190?
7
What is the hundreds digit of 42883446?
4
What is the units digit of 1358539718?
8
What is the thousands digit of 141921188?
1
What is the units digit of 28068768?
8
What is the thousands digit of 174915840?
5
What is the ten thousands digit of 5266432107?
3
What is the hundred millions digit of 814581331?
8
What is the millions digit of 3620707173?
0
What is the millions digit of 59296773?
9
What is the hundreds digit of 149159908?
9
What is the ten thousands digit of 1230167448?
6
What is the hundreds digit of 175537947?
9
What is the hundreds digit of 317710294?
2
What is the ten thousands digit of 2978906990?
0
What is the ten thousands digit of 501474195?
7
What is the hundred millions digit of 584238941?
5
What is the millions digit of 4019939586?
9
What is the hundred thousands digit of 108671358?
6
What is the hundred thousands digit of 2745225689?
2
What is the units digit of 176684623?
3
What is the ten millions digit of 1383107881?
8
What is the hundred millions digit of 1067033422?
0
What is the hundreds digit of 52223872?
8
What is the hundreds digit of 14435252?
2
What is the hundred millions digit of 3620356808?
6
What is the hundred thousands digit of 810377839?
3
What is the millions digit of 1722823843?
2
What is the millions digit of 212083072?
2
What is the ten millions digit of 75972132?
7
What is the billions digit of 1342983475?
1
What is the tens digit of 283463161?
6
What is the thousands digit of 491504993?
4
What is the millions digit of 38922509?
8
What is the tens digit of 3517235736?
3
What is the hundreds digit of 5628618947?
9
What is the millions digit of 1418710959?
8
What is the tens digit of 691267029?
2
What is the ten thousands digit of 205129681?
2
What is the thousands digit of 3326458?
6
What is the tens digit of 306947946?
4
What is the millions digit of 5414215?
5
What is the ten thousands digit of 62501025?
0
What is the units digit of 98216204?
4
What is the thousands digit of 64655321?
5
What is the hundred millions digit of 3023939849?
0
What is the ten millions digit of 1410125758?
1
What is the thousands digit of 58695834?
5
What is the hundred thousands digit of 295375049?
3
What is the thousands digit of 10876500?
6
What is the hundred thousands digit of 49425586?
4
What is t